e 9, what is 158 + 5?
164
In base 11, what is -450 - 13?
-463
In base 3, what is -12012 + -210?
-12222
In base 2, what is -101 - -1001110?
1001001
In base 14, what is -23 - -5?
-1c
In base 13, what is 6c5 + -2?
6c3
In base 13, what is 58 - -1?
59
In base 10, what is -5 - 865?
-870
In base 7, what is -1 - 3?
-4
In base 16, what is 5 + -2e?
-29
In base 6, what is 4140 + 3?
4143
In base 14, what is -8c + 49?
-43
In base 2, what is 101 + 110011?
111000
In base 16, what is -72e - 2?
-730
In base 8, what is 246 + 5?
253
In base 3, what is 12212 + -21?
12121
In base 5, what is -1021 + 10?
-1011
In base 15, what is 3 + -211?
-20d
In base 6, what is 413 + -323?
50
In base 5, what is 4 - -31033?
31042
In base 10, what is 2 + -272?
-270
In base 12, what is 1 + 2ab?
2b0
In base 7, what is -6 - -261?
252
In base 9, what is -4 - 0?
-4
In base 3, what is -2011 - 20?
-2101
In base 6, what is -13 - -5?
-4
In base 12, what is 1b + -40?
-21
In base 11, what is 19 - -12?
30
In base 6, what is 1513 - 5?
1504
In base 6, what is 15 - -350?
405
In base 5, what is -24 - -2414?
2340
In base 13, what is 5 - -395?
39a
In base 2, what is -1000 - 111001001?
-111010001
In base 3, what is -1 + -10?
-11
In base 2, what is 1011100 + -11100000?
-10000100
In base 3, what is 12121 - -2?
12200
In base 15, what is -1 + -5c?
-5d
In base 2, what is -1111001 - 11101?
-10010110
In base 5, what is -4 + -222?
-231
In base 4, what is -2031 + 10?
-2021
In base 15, what is -a - 3?
-d
In base 8, what is 0 + -4050?
-4050
In base 6, what is 1045 + 5?
1054
In base 15, what is c4 - 0?
c4
In base 12, what is -8 - a?
-16
In base 12, what is 18 + -625?
-609
In base 15, what is 3961 + -1?
3960
In base 8, what is 7 + 11117?
11126
In base 9, what is -87 + 33?
-54
In base 14, what is 96c + 4?
972
In base 3, what is 102112000 + 11?
102112011
In base 8, what is 15736 - -5?
15743
In base 5, what is -100 + 1124?
1024
In base 8, what is -4 + -1002?
-1006
In base 14, what is 5263 - 0?
5263
In base 5, what is 4434 + 3?
4442
In base 12, what is -2 - -4?
2
In base 2, what is 1101100100 - -101?
1101101001
In base 8, what is 113 + -12?
101
In base 14, what is -20 + -3d?
-5d
In base 15, what is 12 - -c0?
d2
In base 3, what is 20002 - -1120?
21122
In base 7, what is -33 - 12?
-45
In base 7, what is 4126 - 4?
4122
In base 10, what is -3 - -290?
287
In base 3, what is -10202 + -120?
-11022
In base 13, what is 1c + -7?
15
In base 13, what is -9b - -2?
-99
In base 9, what is -1 + 148?
147
In base 4, what is 3 + 22230?
22233
In base 6, what is 52 - -25?
121
In base 12, what is -a38 + -b?
-a47
In base 8, what is 1 + 163?
164
In base 2, what is -111 + -1001000?
-1001111
In base 16, what is 8a - 1?
89
In base 12, what is 217 + 1?
218
In base 10, what is 231 - -4?
235
In base 16, what is -5 + -be?
-c3
In base 9, what is 1643 - -3?
1646
In base 6, what is 10044 + -5?
10035
In base 13, what is -1 + -56?
-57
In base 9, what is -208 + -4?
-213
In base 6, what is -20 - 3143?
-3203
In base 10, what is 5 - -29?
34
In base 5, what is -1212211 - -3?
-1212203
In base 5, what is -111442 + 2?
-111440
In base 16, what is 4 + cb?
cf
In base 3, what is 20 + 102?
122
In base 16, what is 1 + -da7?
-da6
In base 3, what is 12 - 1120001?
-1112212
In base 11, what is -2 + -1350?
-1352
In base 15, what is -44 - -a?
-39
In base 8, what is -410 + -12?
-422
In base 2, what is -11001 - -11110100?
11011011
In base 3, what is 11 - 10010?
-2222
In base 15, what is -102 - -e?
-e3
In base 6, what is 0 + -2150?
-2150
In base 12, what is 9 - a?
-1
In base 10, what is 0 - 263?
-263
In base 11, what is 19 - 8?
11
In base 12, what is -2 + 3b?
39
In base 14, what is 5 - -3a?
41
In base 13, what is -27 + ca?
a3
In base 9, what is -307 + 1?
-306
In base 3, what is 11 + -1210100?
-1210012
In base 7, what is -3 - -26?
23
In base 5, what is 3 + -1240?
-1232
In base 16, what is -2 - 24?
-26
In base 2, what is 1 - -10001110110?
10001110111
In base 12, what is 14 - -a?
22
In base 15, what is -7 + -864?
-86b
In base 5, what is -14 - 120?
-134
In base 16, what is -55 - 4?
-59
In base 9, what is -7 - 110?
-117
In base 4, what is 20310 - -10?
20320
In base 15, what is 39b + 5?
3a1
In base 16, what is -4a + 5?
-45
In base 3, what is -202221110 - 2?
-202221112
In base 8, what is -5 + 30?
23
In base 11, what is -59 - 2?
-60
In base 6, what is 52021 - -5?
52030
In base 15, what is -3 + -26?
-29
In base 4, what is 11 - -1113?
1130
In base 10, what is -39 + -243?
-282
In base 12, what is -1868 - 1?
-1869
In base 6, what is 2350 + 2?
2352
In base 9, what is 131 + 1?
132
In base 14, what is -39db + 1?
-39da
In base 3, what is 11 - -1101010?
1101021
In base 15, what is -22 + -12?
-34
In base 6, what is 0 - 231?
-231
In base 2, what is -100 - -10?
-10
In base 5, what is -220311 + 2?
-220304
In base 6, what is 213 + 4?
221
In base 6, what is -40 - 3?
-43
In base 4, what is 1032 + 0?
1032
In base 16, what is -2 + -125?
-127
In base 15, what is -181 + -c?
-18d
In base 7, what is 6404 - -3?
6410
In base 8, what is 213 + -6?
205
In base 16, what is 3 - 1af3?
-1af0
In base 10, what is 74 - -8?
82
In base 11, what is 47 - 4?
43
In base 7, what is -5 - -1140?
1132
In base 13, what is 17 + 7?
21
In base 2, what is -1000 - 11001?
-100001
In base 2, what is 100010 + 10010?
110100
In base 9, what is -4 - -460?
455
In base 2, what is -110 + -1011000?
-1011110
In base 6, what is -33 + -15?
-52
In base 4, what is -331 - 13?
-1010
In base 3, what is -2110 - -202?
-1201
In base 10, what is 5 + 115?
120
In base 7, what is -216 + -362?
-611
In base 13, what is 18 - 22?
-7
In base 7, what is 16634 - 0?
16634
In base 16, what is -4dc + 5?
-4d7
In base 8, what is 2 - -37?
41
In base 9, what is 3734 + -4?
3730
In base 13, what is -5 - -103?
cb
In base 12, what is -b5 - -43?
-72
In base 7, what is -34 - -3?
-31
In base 8, what is 131 - 4?
125
In base 10, what is 1 - -504?
505
In base 14, what is -10b + 10?
-db
In base 11, what is 3 + 436?
439
In base 13, what is 5 + -69?
-64
In base 10, what is -12 - -67?
55
In base 5, what is 2344 + 34?
2433
In base 8, what is -2 - 112?
-114
In base 8, what is -3342 + -5?
-3347
In base 2, what is 1000101 + 0?
1000101
In base 14, what is 21 - 21?
0
In base 2, what is -1010100 - -10000111?
110011
In base 3, what is 20020 - -12?
20102
In base 9, what is 8 - 15?
-6
In base 2, what is 10001001 - -11?
10001100
In base 7, what is 24 + -32?
-5
In base 11, what is 0 + 41?
41
In base 15, what is 88 + 0?
88
In base 6, what is 112 + -3?
105
In base 2, what is 10001 - 110?
1011
In base 7, what is -5 - 30?
-35
In base 10, what is 178 - 0?
178
In base 15, what is 225 + 3?
228
In base 4, what is -230 - -221?
-3
In base 15, what is -126 + -5?
-12b
In base 9, what is -3 - -128?
125
In base 11, what is -21 + -2?
-23
In base 6, what is 4 - 1504?
-1500
In base 14, what is -1a + d9?
bd
In base 3, what is -2112 + -12212?
-22101
In base 6, what is 3 - 10140?
-10133
In base 10, what is 56 + 251?
307
In base 10, what is 3 - 955?
-952
In base 15, what is 10 + -c?
3
In base 9, what is -12 - -37?
25
In base 9, what is 5 + -742?
-736
In base 13, what is -1b0 + -8?
-1b8
In base 12, what is -37 - -2a?
-9
In base 5, what is 0 + -42?
-42
In base 14, what is -18d - 0?
-18d
In base 8, what is -14 - 224?
-240
In base 16, what is bf - 0?
bf
In base 8, what is 2575 - -5?
2602
In base 4, what is -33 + 21?
-12
In base 14, what is 138d - -5?
1394
In base 10, what is -19 + -23?
-42
In base 4, what is 313 - 3312?
-2333
In base 7, what is 3 - -415?
421
In base 5, what is -133233 - 3?
-133241
In base 16, what is -5 - -41?
3c
In base 11, what is 9 - 16?
-8
In base 15, what is -6 + 102?
eb
In base 10, what is -15 + -25?
-40
In base 9, what is -21381 + 2?
-21378
In base 8, what is -4 - -40?
34
In base 6, what is 2253 + 3?
2300
In base 13, what is -a84 + -3?
-a87
In base 11, what is -5 + 22?
18
In base 13, what is 2 + 22?
24
In base 12, what is -118 + -6?
-122
In base 7, what is 4 - 214?
-210
In base 12, what is 155 - -2?
157
In base 16, what is -57 + 4?
-53
In base 13, what is 2 + 1a19?
1a1b
In base 7, what is -1 - 643?
-644
In base 2, what is 1011001010 + -101?
1011000101
In base 14, what is 3c - 3?
39
In base 11, what is -51 - 23?
-74
In base 5, what is -100 - -124?
24
In base 12, what is 33 - -6?
39
In base 5, 